vative of 1/3*v**3 + 1/8*v**4 + 0 + v**2 + 0*v. Suppose o = -o - 8. Calculate j(o).
-10
Let g(x) be the third derivative of x**6/120 - x**5/20 + x**4/24 + x**3/2 - 19*x**2. Determine g(3).
6
Let m(c) = -c**3 - 7*c**2 - 6*c - 3. Let t be (-40)/(-1)*4/8. Let x be (-54)/8 + 15/t. What is m(x)?
-3
Let l(z) = z - 18 + 30 - 14. Let n be (-4*3/(-2))/1. Determine l(n).
4
Let l(x) = 0*x - 1 + 5*x - 7*x - 2. Let u be (-3*(2 + -3))/1. Let v = 6 - u. Determine l(v).
-9
Let n(o) be the second derivative of o**4/12 + o**3/6 - 2*o**2 + 7*o. Give n(-4).
8
Let g(m) = -m**3 + 6*m**2 - m - 1. Suppose -33 = -4*u + 7. Let n = 16 - u. Calculate g(n).
-7
Let p(d) = -d + 4. Let t be -1*(0 + -15)/3. Calculate p(t).
-1
Let x(g) = 2*g**2 - g - 2. Let p(w) = 4*w**2 - 2*w - 5. Let t(b) = -2*p(b) + 5*x(b). Let j be ((-16)/28)/(4/(-14)). Suppose j*c = 1 - 3. Give t(c).
3
Suppose f + 4*z + 13 = 0, 11 = -4*z - 5. Let t(d) = -d + 2*d + f*d**2 - d. Determine t(-1).
3
Let m(u) = -u**3 - 3*u**2 + 1. Let h be 242/(-8) + 3/12. Let n be 4/(-10) + 78/h. Determine m(n).
1
Let p(w) be the second derivative of -5/6*w**4 + 5*w**2 + 2*w - 2/3*w**3 + 0. Let k(v) = -3*v**2 - v + 3. Let j(s) = -7*k(s) + 2*p(s). Calculate j(-2).
5
Let m = 31 + -29. Let q(r) be the first derivative of r - 2 - 7/2*r**m. Give q(1).
-6
Let n(s) be the second derivative of -1/20*s**5 - 1/3*s**4 + 2*s + 0 + 1/2*s**2 - 1/3*s**3. Suppose -c = 4*c + 10. What is n(c)?
-3
Let b(o) = -o**3 - 5*o**2 + 6*o - 7. Let q be b(-6). Let m = q + 3. Let h(g) = -g**2 - 2*g + 4. Determine h(m).
-4
Suppose 3*r - 6 = -2*u, -4*u + 3*u + 3 = -r. Let q(f) = 3*f**u - 6*f**3 + f - f**3. Suppose -3*j = 3 - 0. Give q(j).
3
Let c(n) = n**3 + 5*n**2 - 4*n + 8. Let a be c(-6). Let b(s) = 2*s**2 + 5*s - 4. Give b(a).
8
Let n be (-14 + 2)*(-1)/(-2). Let v(h) be the third derivative of -h**5/60 - h**4/4 + h**3 - h**2. Calculate v(n).
6
Suppose 8 = -q - 3*q, 5*m + 5*q = 15. Let w(n) = -4*n**3 + 8*n**2 + n + 4. Let k(s) = 7*s**3 - 15*s**2 - 2*s - 8. Let p(v) = m*w(v) + 3*k(v). Calculate p(5).
-9
Let j(v) = -v**2 - v - 2. Suppose -3*c + 0*c = 6. Calculate j(c).
-4
Let j = -1 + 7. Let n be -10*(j/(-15) + 0). Let g(v) = v**2 - v - 1. Let c(x) = -x**3 + 9*x**2 - 2*x - 11. Let m(z) = c(z) - 6*g(z). Determine m(n).
-5
Let l(d) = -11*d**2 + 3*d - 1. Let h(t) = -10*t**2 + 2*t - 1. Let o(n) = -5*h(n) + 4*l(n). Let g be (1 - (3 - 1))/1. Calculate o(g).
5
Let q = 10 + -12. Let x(l) = 4*l**3 + 21. Let t(r) = r**3 + 5. Let o(m) = q*x(m) + 9*t(m). Give o(0).
3
Let k(v) be the first derivative of v**6/72 + v**5/120 - v**4/24 + v**3 - 2. Let f(u) be the third derivative of k(u). What is f(1)?
5
Let p(u) be the second derivative of u**4/24 + 4*u**3/3 - 3*u**2/2 + 4*u. Let x(n) be the first derivative of p(n). Give x(-6).
2
Let x = 6 - 0. Let n be (-4)/x*9/(-6). Let z(k) = -n - k - 3 + 2. Calculate z(4).
-6
Let y(c) be the second derivative of -c**3/6 + 7*c**2/2 + 6*c. Suppose 0*m + 28 = 4*m. What is y(m)?
0
Let c(o) = -6 + 2 + 5*o - 4*o**2 + o**3 + 5 - 3. Give c(3).
4
Let c be 1/(3 - 2) + 103. Suppose 5*g + 3*x + 6 + 162 = 0, -x - c = 3*g. Let f be (-8)/g + (-94)/18. Let n(k) = -k**2 - 5*k + 3. Determine n(f).
3
Let w(d) = -10*d**2 + 2. Let x(s) = -s**2. Let j(u) = -w(u) + 6*x(u). Let k be ((-4)/(-6))/(1/3). Give j(k).
14
Suppose 29 = 5*i - 4*b, 7*i - 21 = 3*i + b. Let k(a) = 3*a + 0*a**2 - 3*a**2 + 2*a**2 - 3 + 4*a. Give k(i).
7
Let i(k) = -k - 6. Suppose 5*v = -2*t - 17, -t = -14*v + 13*v - 2. Determine i(v).
-3
Let q be 3/(-1) - (-3 + -2). Let a(g) = -3*g - g + 0*g**2 + g**q - 5 + 0*g**2. Determine a(5).
0
Let f(o) be the third derivative of 2*o**2 + 0 - 1/6*o**3 + 0*o - 1/4*o**4. Determine f(-1).
5
Let b(h) be the first derivative of -h**2 + 3*h - 3. Let l = -1 - -6. What is b(l)?
-7
Let s(y) = -13*y - 3. Let i be 36/20 + (-1)/(-5). Let m(n) = -64*n - 16. Let r(h) = i*m(h) - 11*s(h). Determine r(-1).
-14
Let y(t) be the first derivative of -4*t + 4 - 1/2*t**2. Calculate y(4).
-8
Let n(o) be the second derivative of o**5/20 - o**4/6 - o**3/2 + o**2/2 - 50*o. Suppose -3*k + 5 = -2*l, 5*l + 1 = 3*k + l. Determine n(k).
1
Let a(c) = -c**2 - 7*c - 5. Let y(p) = -2*p + 3. Let k be y(5). Let v = k + 3. Calculate a(v).
7
Let v(x) = -7*x**2 + 21*x - 15. Let b(l) = -3*l**2 + 10*l - 7. Let m(n) = -9*b(n) + 4*v(n). What is m(-5)?
8
Let z(v) = -v - 17. Let l = 4 + -4. Let j(t) = 2*t + 18 + 4 + 4 + l. Let n(f) = 5*j(f) + 8*z(f). Calculate n(5).
4
Suppose -3*d + 12 = 3*r, -2*r + 2*d + 14 = 6*d. Suppose 2 + r = 3*y. Let p(h) = y - 5 + 6*h - 1 - h**2. Determine p(5).
0
Let h be 1/3 + 14/(-6). Let d = 0 - h. Let l(s) = 2*s**2 - s**d + 0*s**2 + 5. Calculate l(0).
5
Let h = 68 + -60. Let o(y) = y**2 - 8*y + 5. What is o(h)?
5
Suppose -h = -2, 6*h - h - 7 = y. Let w(b) = 3*b**3 + 7*b**2 - 6*b + 5. Let v(x) = 5*x**3 + 13*x**2 - 11*x + 9. Let g(a) = -4*v(a) + 7*w(a). Give g(y).
5
Let h(k) = k**3 - 7*k**2 + 7*k - 5. Let w be h(6). Let z = w - 3. Let d(n) = -n**2 + 2*n + 3. Determine d(z).
-5
Let q(t) = 2*t**3 + 2*t**2 - 1. Let g be q(1). Let u(n) = g*n + 2*n - 4*n. Determine u(3).
3
Suppose 12 = -d - 3*d. Let v be d + -2 + 4 + -1. Let j(k) = k**2 - k. Calculate j(v).
6
Let g(n) = 1294*n**3 + 0 + 2*n - 1280*n**3 + n**2 + 1. Determine g(-1).
-14
Let t(x) = -3 + 3 - 112*x + 1 + 115*x + 0. Let s = -1 - -1. Suppose -4*p + 5*i - 6 = s, -3*i = -2*p - 0*i - 2. Determine t(p).
-11
Let g(h) be the first derivative of -h**2 - 10*h + 15. Give g(-7).
4
Let o(f) = f. Suppose 9*t - 3*t + 54 = 0. Calculate o(t).
-9
Let k(w) be the third derivative of w**4/12 + w**3/3 - 10*w**2. What is k(2)?
6
Let q(t) = -2 - 1 + 6 + 4*t**3 - t**2 - 2. Calculate q(-1).
-4
Let j(x) = -x**2 + 5*x + 4. Suppose -12 = -2*q - b, 0*q + 3*q + 2*b - 19 = 0. What is j(q)?
4
Let n(w) = w**3 - w**2 + w - 10. Suppose z = -2*b + 3*b + 2, 5*z - 10 = 4*b. Suppose -4*q - q = b. Give n(q).
-10
Let g(z) = -3*z**2 - z + 2. Let p be g(-2). Let j(r) = 11*r + 26. Let t(n) = -7*n - 17. Let o(l) = p*t(l) - 5*j(l). What is o(0)?
6
Let h(v) = v**3 - 7*v**2 + 8. Let k(a) = a. Let p(q) = h(q) - 2*k(q). Let y be p(7). Let n(s) = s**2 + 7*s. Give n(y).
-6
Let m(j) = -j**2. Let n(k) = k**3 - 6*k**2 + k. Let s be n(5). Let o = s + 17. Determine m(o).
-9
Let j = 0 - -4. Suppose 0 = -j*f - 4. Let x(w) = 8*w + 1. What is x(f)?
-7
Let i(v) = -v**3 + 5*v**2 - 5*v + 4. Let m be 1/2 + 12/8. Suppose -3 - 1 = -m*w. Let h be (-8)/(-10)*10/w. Give i(h).
0
Let l(z) = -z**3 - 5*z**2 + 8*z + 7. Suppose 4*b = -4*r - 20, 2*r = 3*b + 18 + 2. Calculate l(b).
-5
Let p(w) = w**2 + 3*w + 2. Let v be (6/(-4))/(2/20). Let n = 11 + v. What is p(n)?
6
Let j = -1 - 1. Let o = 3 + j. Let x(g) = -5*g**3 - 2*g + 1. Calculate x(o).
-6
Let v(z) = 4*z**3 + 6*z**2 - 7*z. Let t(w) = -7*w**3 - 11*w**2 + 12*w. Let d(n) = -3*t(n) - 5*v(n). Calculate d(-2).
6
Let p(c) = 12*c**2 - 2*c + 1. Suppose 4*s = 2 + 2. Calculate p(s).
11
Let a(v) = -2*v + 3. Let i(m) = 5*m - 6. Let b be -1 + 2/1 + 3. Let o(k) = b*i(k) + 9*a(k). Calculate o(-2).
-1
Let r(p) = -177 + 178 + 4*p**2 + p**3 - 2*p**3. Let a be (-1)/((-2)/(2*5)). Suppose -n - 16 = -a*n. What is r(n)?
1
Suppose 6 = 4*v + 2*k, 2*v - 3*k = -k + 18. Let n(f) = f**2 - 2*f - 3. Determine n(v).
5
Let j(m) = m - 3. Let i be (3 - (-100)/(-35)) + (-1)/7. What is j(i)?
-3
Let d(y) = y**2 + 2*y. Let c = -1 + 4. Give d(c).
15
Suppose 9 + 3 = 2*o. Suppose -o = -g + 5. Let b(v) = v**2 - 10*v - 6. Let m be b(g). Let i(r) = r**2 - 6*r. Give i(m).
-5
Let v be (7 + -1)/((-27)/18). Let x(q) = -q + 3. Determine x(v).
7
Suppose k + y + 7 = 0, -y = -4*k - 8 - 0. Let q = 9 - 10. Let o(f) = -4*f. Let d(r) = r - 1. Let m(l) = k*d(l) + q*o(l). Calculate m(0).
3
Suppose 0 + 9 = -3*x. Let w(b) = -b**2 + 2*b + 3. Determine w(x).
-12
Let m(l) = -3*l - 6. Let j(d) = -d - 1. Let g(u) = -5*j(u) + m(u). Suppose i + 1 = -0*i. What is g(i)?
-3
Let w(o) = -1. Let m(b) = -b - 7. Let f(s) = -m(s) + 3*w(s). Suppose -5*y - 41 = -r, r + 3*y + 31 = 2*r. Suppose u = 5*p - u + 23, r = -4*p + u. Calculate f(p).
1
Let c(a) = -a**3 + 4*a**2 + 13*a - 11. Let m be c(6). Let s(h) be the second derivative of -h**5/20 - h**4/2 - 2*h**3/3 - h**2 + h. Determine s(m).
-7
Let a(q) = -q**2 - q - 1. Let w(z) = 7*z**2 + 8*z + 4. Let p(j) = 6*a(j) + w(j). Let d be p(-2). Let o(n) = -n - n**2 + 